 s(w) = -w**3 - 4*w**2 + 23*w + 13. Calculate s(4).
-23
Let n(h) = -h**3 - 9*h**2 + 26*h + 24. What is n(-11)?
-20
Let u(k) = -166*k + 339. Determine u(2).
7
Let q(f) = 6*f**2 - 68*f + 411. Give q(6).
219
Let i(z) = 6*z**3 + 88*z**2 - 37*z - 32. Calculate i(-15).
73
Let c(z) = 2*z**2 + 85*z + 877. What is c(-19)?
-16
Let f(p) = 523*p + 2621. What is f(-5)?
6
Let j(f) = -f**2 - 52*f - 595. Give j(-19).
32
Let j(h) = -2*h**3 - 131*h**2 + 197*h - 260. What is j(-67)?
8
Let i(x) = -x**2 + 1500*x - 8967. Determine i(6).
-3
Let l(z) = -19*z**3 - 4*z**2 - z + 2. Give l(-1).
18
Let t(j) = -2*j**3 - 19*j**2 + 36*j + 274. What is t(-10)?
14
Let m(i) = -i**3 - 108*i**2 - i - 108. What is m(-108)?
0
Let f(l) = 2*l**3 + 220*l**2 - 228*l - 380. Calculate f(-111).
286
Let i(z) = -75*z + 2403. Give i(32).
3
Let s(b) = -143*b + 373. Calculate s(3).
-56
Let w(l) = -7*l**2 - 19*l + 34. What is w(-4)?
-2
Let u(z) = z**2 + 44*z + 4. Determine u(-49).
249
Let v(b) = -13*b - 338. Determine v(-28).
26
Let x(p) = -17599*p - 35192. What is x(-2)?
6
Let o(p) = -127*p - 873. Calculate o(-8).
143
Let h(a) = 7*a**3 - 9*a**2 + 24*a - 1. Give h(3).
179
Let f(b) = -b**3 - 5*b**2 - 69*b - 250. Give f(-4).
10
Let i(c) = c**2 + 443*c - 169507. What is i(246)?
-13
Let q(n) = 2*n**2 - 14*n - 47. Give q(12).
73
Let n(c) = -5*c**2 + 233. Give n(11).
-372
Let m(p) = 16*p**3 - 221*p**2 + 9*p - 351. What is m(14)?
363
Let x(c) = 2491*c - 14939. Give x(6).
7
Let n(o) = -4*o**2 + 50*o - 78. Give n(19).
-572
Let v(d) = d**3 + 23*d**2 + 125*d + 24. What is v(-13)?
89
Let f(k) = k**3 - 30*k**2 + 32*k + 670. Calculate f(28).
-2
Let z(i) = 2*i**3 + 151*i**2 + 1468*i - 229. What is z(-64)?
27
Let k(m) = 7*m**2 + 378*m - 780. Give k(-56).
4
Let v(b) = 5*b**2 - 27*b - 28. Determine v(-1).
4
Let p(f) = f**2 - 35. What is p(-5)?
-10
Let d(n) = -n**3 - 37*n**2 - 158*n - 4368. Calculate d(-36).
24
Let j(x) = 17*x**3 + 4*x**2 + 8*x + 24. Determine j(-2).
-112
Let p(y) = -y**2 + 7*y - 105. Determine p(16).
-249
Let h(s) = -30*s - 331. What is h(-11)?
-1
Let w(n) = n**3 + 8*n**2 - 6*n - 32. Calculate w(-7).
59
Let a(j) = j**3 + 6*j**2 + 123*j + 891. What is a(-7)?
-19
Let p(v) = -30*v + 230. Give p(10).
-70
Let r(o) = -1502*o + 4. What is r(0)?
4
Let x(r) = 2*r**2 + 75*r + 42. Determine x(-38).
80
Let i(b) = b**3 - 19*b**2 + 14*b + 772. What is i(14)?
-12
Let h(t) = -8*t**3 + 3*t**2 - 4*t + 2. Determine h(1).
-7
Let b(g) = 3216*g - 25768. Calculate b(8).
-40
Let u(z) = -4*z**3 - 6*z**2 + 6*z - 4. Determine u(-3).
32
Let o(y) = -4*y**2 + 315*y - 847. Give o(76).
-11
Let q(k) = k**2 - 8*k - 166. Give q(18).
14
Let w(h) = h**2 + 11*h - 422. Determine w(-25).
-72
Let s(o) = 2*o**2 - 104*o - 16. Determine s(52).
-16
Let r(l) = 9*l + 173. Give r(-25).
-52
Let j(g) = -14*g**2 - 194*g + 216. Give j(-15).
-24
Let f(r) = -2*r**2 + 67*r - 559. Give f(18).
-1
Let c(k) = 63*k - 69. Give c(1).
-6
Let b(p) = -2041*p - 12242. What is b(-6)?
4
Let h(d) = d**3 + 28*d**2 + 194*d + 79. Calculate h(-16).
47
Let y(c) = 45*c - 174. Give y(6).
96
Let y(x) = -x**3 + 22*x**2 - 45*x + 496. Give y(21).
-8
Let l(w) = -3*w**2 + 35*w - 6. Give l(17).
-278
Let t(o) = -23*o**2 - 597*o - 71. What is t(-26)?
-97
Let u(x) = 2*x**3 + 2*x**2 - 7*x + 5. What is u(3)?
56
Let n(c) = -2*c**2 - 86*c + 5684. Calculate n(36).
-4
Let c(y) = -2*y**2 + 100*y + 200. Give c(52).
-8
Let j(f) = -108*f - 295. Determine j(-2).
-79
Let t(i) = -i**3 + 17*i**2 + 91*i - 45. Calculate t(21).
102
Let c(v) = -9*v**3 + 7*v**2 + 7*v + 6. Calculate c(-4).
666
Let w(t) = 3*t**3 - 11*t**2 + 28*t + 4. Give w(3).
70
Let k(t) = -88*t - 1817. What is k(-20)?
-57
Let s(b) = -41*b + 3213. What is s(78)?
15
Let b(g) = g**3 + 12*g**2 - 57*g + 25. Give b(-16).
-87
Let f(g) = 978*g - 4936. What is f(5)?
-46
Let l(z) = -93*z + 355. Determine l(6).
-203
Let u(l) = -23*l + 435. Give u(-15).
780
Let v(z) = 168*z + 4032. Calculate v(-24).
0
Let m(k) = 39*k - 389. What is m(3)?
-272
Let g(b) = 37*b + 520. Determine g(-14).
2
Let b(w) = 3*w**2 + 48*w + 250. Determine b(-5).
85
Let x(o) = -o**2 - 1343*o + 12208. Give x(9).
40
Let b(p) = -p**3 + 108*p**2 - 2772*p - 1. What is b(66)?
-1
Let v(u) = -u**3 + 13*u**2 - 29*u + 19. Calculate v(11).
-58
Let f(v) = v**2 + 32*v - 53. What is f(-32)?
-53
Let l(y) = 3*y**2 - 126*y + 1099. Give l(12).
19
Let w(r) = -r**2 + 514*r - 63935. Calculate w(303).
-2
Let f(o) = -22*o**2 + 733*o + 169. Give f(34).
-341
Let j(u) = u**3 - 33*u**2 + 233*u - 33. What is j(23)?
36
Let d(m) = -1570*m + 86344. Calculate d(55).
-6
Let l(u) = -u**3 + 10*u**2 + 27*u + 19. What is l(13)?
-137
Let n(i) = -2*i**3 + 17*i**2 - 10*i - 17. Give n(9).
-188
Let y(z) = z**3 - 5*z**2 - 203*z - 14. Determine y(17).
3
Let h(i) = -2*i**3 + 22*i**2 - 20*i - 19. Give h(9).
125
Let n(v) = -151*v + 14056. What is n(93)?
13
Let h(p) = 2*p**2 - 14*p - 255. Calculate h(14).
-59
Let t(f) = -213*f + 1703. Give t(8).
-1
Let f(z) = -6*z**3 + 15*z**2 + 10*z - 13. Determine f(6).
-709
Let h(x) = x**3 - 19*x**2 + 73*x - 3. Determine h(5).
12
Let x(a) = 27*a**3 + a**2 + 546*a - 546. Calculate x(1).
28
Let j(p) = 27*p - 258. Determine j(9).
-15
Let n(y) = -y**3 + 10*y**2 - 38*y + 76. Calculate n(6).
-8
Let k(t) = -10*t + 120. Calculate k(8).
40
Let w(t) = 168*t + 2530. What is w(-15)?
10
Let u(j) = -4*j**2 - 49*j + 62. Give u(-16).
-178
Let m(k) = 68*k + 3495. Determine m(-51).
27
Let s(p) = -14*p**3 + 20*p + 21. What is s(-1)?
15
Let m(r) = -29*r**2 - 7*r - 18. Calculate m(-2).
-120
Let q(c) = -3*c**3 + 80*c**2 - 52*c - 12. What is q(26)?
-12
Let q(g) = -g**3 + 41*g**2 - 335*g + 134. What is q(30)?
-16
Let t(k) = -297*k - 21975. Calculate t(-74).
3
Let h(d) = d**3 - d**2 - 47*d - 4. Determine h(-7).
-67
Let f(p) = 102*p - 1295. What is f(13)?
31
Let m(i) = -16*i**3 - 4*i**2 + 2*i - 1. What is m(-2)?
107
Let b(w) = w**3 + 22*w**2 - 31*w - 2. Calculate b(-23).
182
Let p(j) = -j**2 + 10*j + 1102. Determine p(39).
-29
Let f(g) = -g**3 - 54*g**2 + 56*g + 943. Give f(-55).
888
Let r(k) = -2*k**2 - 16*k + 695. Give r(15).
5
Let a(j) = 4750*j + 223246. Give a(-47).
-4
Let y(x) = 47*x - 21. Calculate y(4).
167
Let q(k) = -k**2 + 8*k + 280. Determine q(31).
-433
Let d(l) = -l**3 + 9*l**2 + 27*l - 186. Determine d(8).
94
Let t(z) = z**2 - 15*z - 197. What is t(29)?
209
Let h(x) = x**3 - 5*x**2 - 32*x + 64. Give h(8).
0
Let d(p) = 13*p**2 + 417*p + 34. Calculate d(-32).
2
Let t(v) = -v**3 - 36*v**2 + 71*v - 132. Determine t(-38).
58
Let y(i) = -i**3 - i**2 - 13*i + 19. Determine y(3).
-56
Let c(i) = -77*i - 1012. Determine c(-13).
-11
Let m(g) = 4*g**2 - 18*g + 46. What is m(6)?
82
Let x(u) = -6*u**3 + 3*u**2 - 10*u - 8. Give x(-1).
11
Let t(o) = -o**2 + 71*o + 810. Calculate t(80).
90
Let o(f) = 48*f + 231. Calculate o(-6).
-57
Let t(k) = 4*k**2 - 63*k + 42. Determine t(15).
-3
Let p(s) = s**2 + 13*s - 49. Give p(-15).
-19
Let f(w) = 4*w + 75. Give f(-23).
-17
Let t(q) = -q**2 + 78*q - 439. What is t(6)?
-7
Let u(n) = n**3 + 6*n - 36. What is u(3)?
9
Let m(c) = -2*c**3 - 6*c**2 - 8*c - 6. Give m(-2).
2
Let u(i) = 99*i**2 - 395*i - 7. Give u(4).
-3
Let p(k) = 6*k**2 - 576*k + 9. Give p(96).
9
Let f(y) = -168*y - 2344. Calculate f(-14).
8
Let o(l) = 11*l**2 + 3*l - 14. Determine o(3).
94
Let x(v) = 16*v**2 + 78*v + 486. What is x(-7)?
724
Let d(b) = -1057*b - 3174. Give d(-3).
-3
Let p(k) = k**3 + 188*k**2 + 552*k - 550. Determine p(-185).
5
Let p(q) = -243*q - 58324. Determine p(-240).
-4
Let h(f) = -4*f**3 - 160*f**2 - 160*f - 6395. Calculate h(-40).
5
Let y(k) = -k + 48. What is y(-27)?
75
Let n(s) = -2*s**2 - 113*s - 738. Give n(-49).
-3
Let h(u) = u**3 + 11*u**2 + 12*u - 19. What is h(-9)?
35
Let x(i) = 2*i**2 + 14*i - 125. Determine x(7).
71
Let s(r) = -5*r**3 - 9*r**2 + 86*r + 193. Calculate s(-2).
25
Let f(w) = w**2 + 40*w + 11. Give f(-29).
-308
Let a(i) = -i**3 + 3*i**2 + 32*i - 1. Calculate a(7).
27
Let w(a) = 85*a + 364. Calculate w(-4).
24
Let n(z) = 6*z**3 - 42*z**2 + 57*z - 2. What is n(2)?
-8
Let t(s) = -2*s**2 + 3*s + 984. Give t(23).
-5
Let m(p) = -207*p + 24220. Give m(117).
1
Let z(w) = 13*w**2 - 90*w + 8. Give z(7).
15
Let i(s) = 46*s + 781. Determine i(-17).
-1
Let w(x) = 76*x + 31. Give w(-3).
-197
Let d(m) = 22*m**2 - 509*m + 90. Give d(23).
21
Let v(u) = -40*u**2 + 742*u + 741. C